0 + 1/3*c**3 + 1/10*c**5 + 1/2*c**2 + 34*c. Give v(w).
5
Let g(k) be the first derivative of k**3/3 - k**2/2 + 10*k - 843. Give g(0).
10
Let m(o) = 2*o + 57. Let f be 52/((-4)/2) - (-1 - -6). Give m(f).
-5
Let m(t) = -t**3 - 5*t**2 - 11. Suppose -215 = 46*a + 15. What is m(a)?
-11
Let u(p) be the third derivative of p**6/120 + p**5/15 - p**4/24 - p**3/6 - 29*p**2. Let q(w) = w - 8. Let a be q(6). Give u(a).
9
Let u(c) = 2*c + 1. Let y be (28/(-21))/((-2)/9). Let k be (-1)/2*y/1. Give u(k).
-5
Suppose 4*j - 2*l = -j + 72, 5*l = 4*j - 44. Let h(i) = -26 + 9 + j - 12*i. Let y be -2*1*(-1)/2. Give h(y).
-13
Let m be (-9)/(-3) - (-1 + 2). Let v(u) = 4 - 12*u + u**3 + u**m - 5*u**2 + 13*u - 1. Suppose o = -5*w - 0*o + 20, -3*w = -5*o - 12. Determine v(w).
7
Suppose -8*c - 15 + 31 = 0. Let j(b) = -1 + 10*b**3 + 0 - 69*b**c + 33*b**2 + 2*b + 35*b**2. Let k be (-2)/6 - (-4)/3. Determine j(k).
10
Let s(l) = -6 - 37*l**3 + 30*l**3 + 6*l**3 - 3. Let f(j) = j**3 - 5*j**2 + 4*j. Let g be f(4). Suppose g*n = -2*n. Give s(n).
-9
Suppose 0 = y + f - 7, -y + 2*f + 18 = 8. Let l(p) = -p**3 + 9*p**2 - 7*p - 9. Calculate l(y).
-1
Suppose -5*t - 40 = 5*z, -6 = z + 4*t - 1. Let h(l) = -7*l. Let u(y) = -43*y - 11. Let m(w) = 6*h(w) - u(w). What is m(z)?
2
Let l(f) be the second derivative of 2*f**3/3 + 5*f**2/2 + 358*f. Calculate l(8).
37
Let m(a) = -4*a**3 - 3*a**2 - 6*a + 9. Let q(p) = -p**2 + 7*p - 7. Let b be q(5). Let z(v) = v**3 - v**2 + v - 1. Let l(n) = b*z(n) + m(n). Calculate l(-5).
-4
Let a(b) = -4*b + 13. Let k be ((-14)/63)/((4/27)/(-4)). Give a(k).
-11
Let q(z) be the first derivative of z**3/3 + 4*z**2 + 3*z + 81. Calculate q(-6).
-9
Suppose -50*s = -38*s + 24. Let h(r) = 34*r - 3. Give h(s).
-71
Let q(i) be the first derivative of -i**3/3 + 2*i**2 + i + 1. Let z(t) = 5*t + 14. Let m be z(-9). Let l = -26 - m. Calculate q(l).
-4
Let i(z) = -z**2 + 7*z - 6. Let f be i(4). Let q(a) be the second derivative of -1/20*a**5 + 89*a + 2*a**2 + 0 + a**3 + 5/12*a**4. What is q(f)?
4
Let t(n) = n**2 + 10*n - 5. Let y(d) = 3*d**2 + 29*d - 14. Let m(q) = -q**2 + 7*q - 9. Let u be m(6). Let h(a) = u*y(a) + 8*t(a). Give h(-4).
14
Let p(r) = r**3 + 5*r**2 - 6*r + 2. Let a(t) = t**3 - 5*t**2 + 7*t - 10. Let z be a(4). Suppose -n - 26 = 4*n + b, -4*n - 32 = -z*b. Give p(n).
2
Let x(n) = -n - 7. Let r be 3/((-5)/4 + 1). Let g be r*(-2 + 3)/2. Determine x(g).
-1
Let w(u) = 14*u. Let b = -19 + 18. Let r be b - 2 - -2*(4 - 3). Determine w(r).
-14
Let a(z) = z - 4. Let j(i) = 46 - i + 56 - 116. Let v be j(-18). Determine a(v).
0
Let s(v) be the second derivative of v**3/6 + 5*v**2/2 + 30*v. What is s(-12)?
-7
Let w be -40*8/(-50) + (-2)/5. Let v(x) = 2*x - 9. Calculate v(w).
3
Let f = 47 - 53. Let n be (-4 - -4) + -2 - f. Let z(q) = 4*q - 5. Determine z(n).
11
Let u(g) be the first derivative of -5*g**2/2 - 2. Let d = -7106 + 7108. Determine u(d).
-10
Let x be ((-1)/(-3))/((-3)/(-18)). Suppose -20 = x*d + 3*d. Let m be 2 - (d + 3) - -2. Let z(r) = r - 1. Calculate z(m).
4
Let l(x) = -x**2 + 3 - 9814*x - 2 + 2*x**3 + 9813*x - 3. Let p(a) = -a**2 - 4*a - 2. Let i be p(-2). What is l(i)?
8
Suppose -5*p + 63 = -2*k, -4*p - 39 + 2 = 3*k. Let q = -17 - k. Let f(m) = 2*m - 4*m - q + 2 + 2. What is f(-2)?
6
Let a(w) be the second derivative of -w**4/2 - w**3/6 - w**2/2 - w. Let z(q) = -2*q**3 - 42*q**2 + 93*q + 22. Let n be z(-23). Determine a(n).
-6
Let q(l) be the second derivative of 0 + 2/3*l**3 - l**2 - 12*l. Let h(c) = -2*c**3 - 2*c**2 + 1. Let v be h(1). Determine q(v).
-14
Let x = -76 - -79. Let g(l) = -8*l + 4. Let c(o) = -15*o + 7. Let i(n) = 6*c(n) - 11*g(n). Give i(x).
-8
Let z(i) = i**3 + 2*i**2 - 4*i - 6. Let g(j) be the third derivative of j**6/120 - j**5/4 + j**4/12 - 17*j**3/3 + 35*j**2. Let s be g(15). Determine z(s).
-22
Let l(h) = -23*h**3 - h**2. Let r be (-3)/(-30) + (-33)/30. Determine l(r).
22
Let k = 26 - -54. Let w be 288/k + (-3)/5. Suppose w = -b + 2. Let r(i) = 7*i**3 - i**2 - i. What is r(b)?
-7
Suppose b = 2*j - 11, 2*b + 3*b + 5 = 0. Let d(p) = -p - 1. Let k(x) = -9. Let f(y) = 3*d(y) - k(y). Give f(j).
-9
Let p(z) = z**3 + z**2 + 2. Suppose 0 = x + 4 - 17. Suppose q - 4*q = -15. Suppose -3 = -q*i - x. What is p(i)?
-2
Let r(q) be the first derivative of q**7/840 + q**6/120 - q**5/20 + q**4/4 + 25*q**3/3 - 25. Let t(a) be the third derivative of r(a). What is t(-5)?
-14
Let q(p) = -p**3 + 6*p**2 + 8*p - 3. Let n(i) = -i**2 + 8*i - 8. Let j be n(6). Suppose -j*k - 3 + 31 = 4*c, -7 = -c - 5*k. Calculate q(c).
4
Let x(w) = w + 1. Let y(k) = k**2 - 8*k + 1. Let o(r) = 5*x(r) + y(r). Determine o(3).
6
Let g(m) = -m**2 - 14*m - 12. Let p(j) = 6*j**2 + 72*j + 61. Let s(y) = -11*g(y) - 2*p(y). Determine s(7).
31
Let o = -60 - -70. Let d(n) = -n - 7 - 3 - 3 + o. Give d(6).
-9
Let r(u) = 17 + 51 + 2*u + 2*u - u**2 - 5*u - 59. What is r(0)?
9
Let o(g) = -3*g + 1553 - 1550 + 2*g. Determine o(6).
-3
Suppose 4*x = 21 - 5. Let g = x + -3. Let k(r) = 2*r**3 + 5*r**2 - 6*r + 5. Let w(v) = -5*v**3 - 14*v**2 + 17*v - 14. Let d(n) = -11*k(n) - 4*w(n). Give d(g).
-2
Let m(r) be the second derivative of -7*r**3/6 - 4*r**2 - 5*r - 5. What is m(-6)?
34
Let u be 3/(4/(-5 - -1)). Let g(x) = 24*x**3 + 2*x - 13 + 3*x**2 + 16 - 23*x**3. Calculate g(u).
-3
Let a be 2/7 + 24/(-56)*-11. Suppose -2 + 23 = 3*u. Let y(i) = -u - 3*i**2 + 0*i**3 + 3*i + i**3 - 3*i**2. Calculate y(a).
-17
Let m(a) = a**2 - 2*a - 52 + 16 + 14 + 15 + 11. Determine m(3).
7
Let m = 963 + -962. Let y(s) = -18*s. Determine y(m).
-18
Let m(k) be the second derivative of k**2 - k**3 - 1/12*k**4 - 8*k + 0. Determine m(-5).
7
Let i(h) = -5*h**2. Let v(s) = s**3 - 11*s**2 - 24*s + 3. Let k be v(-2). Give i(k).
-5
Let p(t) be the third derivative of -t**6/120 - t**5/15 - t**4/12 - t**3/3 - 13*t**2 + 11. Give p(-3).
-5
Let q(d) = d**3 + 2*d**2 - d. Let x be q(-2). Let r(f) be the second derivative of -3*f + f**x - 1/2*f**3 - 1/12*f**4 + 0. What is r(-3)?
2
Let t(k) = k**3 + 3*k**2 - 6*k - 1. Let c(m) = m**3 - m - 2. Let v be c(2). Suppose -v*l = -8, 2*l = s - 0*s + 6. Let p be 42/(-11) - s/(-11). Determine t(p).
7
Let o(r) = 2*r**2 - 2*r. Let p(s) = s**2 - 3*s + 3. Let g be 3/2*2/1. Let j be p(g). Let k be 0 - 4/(-1 + j). Calculate o(k).
12
Let o(v) = v + 24. Let y be o(-9). Suppose 5*j + 5 = y. Let r(g) = 2*g**2 - 3*g + 2. What is r(j)?
4
Suppose 3*v = 5*r - 42, 0 = 3*r + 3*v + v - 2. Let p(g) = 2*g - 13. Let z be p(r). Let b(y) = 4*y - 10*y**2 - 5*y + 0*y - 1. Determine b(z).
-10
Suppose 40 = -0*m + 5*m. Suppose -5*t + 4 = -4*g, -g + 2*g - m = -t. Let o(r) = 2*r**2 - 4*r - 1. What is o(g)?
15
Let h be -2*(-2)/(-6)*-3. Let r(y) = 20 - 2*y - 6 - y**3 + 3*y**3 - 13. Calculate r(h).
13
Let g(k) = -k**3 - 4*k**2 + k - 5. Suppose 275*u - 281*u - 24 = 0. Calculate g(u).
-9
Let r(b) = -b**2 + 4*b + 1. Suppose 0 = -4*x - 3 - 9. Let i be (x/(-3))/(5/70). Let z be i/4 + 5/10. What is r(z)?
1
Let u(p) = 3*p**3 - 15*p**2 + 11*p + 12. Let r(s) = s**3 - 5*s**2 + 4*s + 4. Let v(c) = 11*r(c) - 4*u(c). Determine v(3).
14
Let o(r) = -r + 10. Let p(x) = 2. Let m(u) = 6*o(u) - 34*p(u). Calculate m(6).
-44
Let c(h) be the first derivative of h**3/3 + 5*h**2/2 + 58. Let m(w) = -w + 1. Let l be m(5). Calculate c(l).
-4
Let u be (25/2 - 2)*20/(-30). Let q(a) = a**2 + 7*a + 3. Calculate q(u).
3
Suppose r - 3 + 2 = 2*w, 4*r - 12 = 0. Let k(m) = 7*m**3 + m**3 + 11*m**3 - 2*m**3. Give k(w).
17
Let w(v) = v**2 - 18*v - 52. Let u(x) = -x - 9. Let o(t) = -6*u(t) + w(t). Give o(10).
-18
Let u(s) = s + 9. Let h = 230 + -235. What is u(h)?
4
Suppose 5*p + 1 + 4 = -5*o, -p - 13 = -5*o. Suppose -o + 26 = 4*j. Let n(b) be the third derivative of b**5/60 - 7*b**4/24 + b**3/3 + b**2. Determine n(j).
-4
Let u(x) = -3 - 6 + x + 4 + 7. Suppose 4*r - 4*f + 40 = -0*f, 0 = r - 3*f + 14. Let w(l) = l**3 + 7*l**2 - 8*l + 4. Let d be w(r). Determine u(d).
6
Let v(p) be the first derivative of p**7/840 + 7*p**6/360 + p**5/30 - 13*p**3/3 - 15. Let k(z) be the third derivative of v(z). Determine k(-6).
12
Let l(t) = -7*t**2 + 4*t - 2. Suppose 3*i = 2*i - 5. Let n(v) = -4*v**2 + 2*v - 1. Let m(g) = i*n(g) + 3*l(g). Suppose 27*a - 26 = a. Give m(a).
0
Suppose -4*b + 2 = -6. Let y(k) = b - 6*k**2 + 5*k**2 - k**2. Let n be 1 - (2/(-4))/(3/6). Give y(n).
-6
Let h(t) 